{"id":2219,"date":"2018-03-12T17:54:40","date_gmt":"2018-03-12T16:54:40","guid":{"rendered":"https:\/\/invictus-travel.com\/site\/?page_id=2219"},"modified":"2024-02-05T19:04:34","modified_gmt":"2024-02-05T18:04:34","slug":"nos-destination-agence-incentive-paris","status":"publish","type":"page","link":"https:\/\/invictus-travel.com\/site\/nos-destination-agence-incentive-paris\/","title":{"rendered":"Nos destinations"},"content":{"rendered":"<p>[et_pb_section fb_built=\u00a0\u00bb1&Prime; _builder_version=\u00a0\u00bb4.24.0&Prime; _module_preset=\u00a0\u00bbdefault\u00a0\u00bb background_image=\u00a0\u00bbhttp:\/\/invictus-travel.com\/en\/wp-content\/uploads\/2024\/01\/back-team-scaled.webp\u00a0\u00bb parallax=\u00a0\u00bbon\u00a0\u00bb custom_margin=\u00a0\u00bb0px||0px||true|false\u00a0\u00bb custom_padding=\u00a0\u00bb0px||0px||true|false\u00a0\u00bb filter_hue_rotate=\u00a0\u00bb69deg\u00a0\u00bb filter_saturate=\u00a0\u00bb74%\u00a0\u00bb animation_style=\u00a0\u00bbfade\u00a0\u00bb global_colors_info=\u00a0\u00bb{}\u00a0\u00bb][et_pb_row make_equal=\u00a0\u00bbon\u00a0\u00bb _builder_version=\u00a0\u00bb4.24.0&Prime; _module_preset=\u00a0\u00bbdefault\u00a0\u00bb custom_margin=\u00a0\u00bb||||true|false\u00a0\u00bb custom_padding=\u00a0\u00bb||||true|false\u00a0\u00bb global_colors_info=\u00a0\u00bb{}\u00a0\u00bb][et_pb_column type=\u00a0\u00bb4_4&Prime; _builder_version=\u00a0\u00bb4.23.4&Prime; _module_preset=\u00a0\u00bbdefault\u00a0\u00bb global_colors_info=\u00a0\u00bb{}\u00a0\u00bb][et_pb_text _builder_version=\u00a0\u00bb4.23.4&Prime; _module_preset=\u00a0\u00bbdefault\u00a0\u00bb text_font=\u00a0\u00bbBarlow Condensed|600|||||||\u00a0\u00bb text_text_color=\u00a0\u00bbrgba(255,255,255,0.78)\u00a0\u00bb text_font_size=\u00a0\u00bb35px\u00a0\u00bb text_line_height=\u00a0\u00bb1.2em\u00a0\u00bb global_colors_info=\u00a0\u00bb{}\u00a0\u00bb]<\/p>\n<p style=\"text-align: center;\">Sp\u00e9cialis\u00e9 dans les voyages de groupe et les voyages d\u2019affaires \u00e0 l\u2019\u00e9tranger<\/p>\n<p>[\/et_pb_text][\/et_pb_column][\/et_pb_row][\/et_pb_section][et_pb_section fb_built=\u00a0\u00bb1&Prime; _builder_version=\u00a0\u00bb4.23.4&Prime; animation_style=\u00a0\u00bbfade\u00a0\u00bb hover_enabled=\u00a0\u00bb0&Prime; global_colors_info=\u00a0\u00bb{}\u00a0\u00bb custom_margin=\u00a0\u00bb||0px||false|false\u00a0\u00bb custom_padding=\u00a0\u00bb||0px||false|false\u00a0\u00bb sticky_enabled=\u00a0\u00bb0&Prime;][et_pb_row use_custom_gutter=\u00a0\u00bbon\u00a0\u00bb gutter_width=\u00a0\u00bb2&Prime; padding_mobile=\u00a0\u00bboff\u00a0\u00bb column_padding_mobile=\u00a0\u00bbon\u00a0\u00bb custom_padding_last_edited=\u00a0\u00bboff|\u00a0\u00bb admin_label=\u00a0\u00bbrow\u00a0\u00bb _builder_version=\u00a0\u00bb4.16&Prime; background_size=\u00a0\u00bbinitial\u00a0\u00bb background_position=\u00a0\u00bbtop_left\u00a0\u00bb background_repeat=\u00a0\u00bbrepeat\u00a0\u00bb custom_padding=\u00a0\u00bb0px||50px|\u00a0\u00bb make_fullwidth=\u00a0\u00bboff\u00a0\u00bb use_custom_width=\u00a0\u00bboff\u00a0\u00bb width_unit=\u00a0\u00bbon\u00a0\u00bb global_colors_info=\u00a0\u00bb{}\u00a0\u00bb][et_pb_column type=\u00a0\u00bb4_4&Prime; _builder_version=\u00a0\u00bb4.16&Prime; custom_padding=\u00a0\u00bb|||\u00a0\u00bb global_colors_info=\u00a0\u00bb{}\u00a0\u00bb custom_padding__hover=\u00a0\u00bb|||\u00a0\u00bb][et_pb_text admin_label=\u00a0\u00bbTexte\u00a0\u00bb _builder_version=\u00a0\u00bb4.23.4&Prime; text_font=\u00a0\u00bbOpen Sans Condensed||||||||\u00a0\u00bb text_text_color=\u00a0\u00bb#333333&Prime; text_font_size=\u00a0\u00bb40px\u00a0\u00bb text_line_height=\u00a0\u00bb1.4em\u00a0\u00bb header_3_font=\u00a0\u00bbAsap Condensed||||||||\u00a0\u00bb background_size=\u00a0\u00bbinitial\u00a0\u00bb background_position=\u00a0\u00bbtop_left\u00a0\u00bb background_repeat=\u00a0\u00bbrepeat\u00a0\u00bb text_orientation=\u00a0\u00bbcenter\u00a0\u00bb module_alignment=\u00a0\u00bbcenter\u00a0\u00bb custom_margin=\u00a0\u00bb0px||0px|\u00a0\u00bb custom_padding=\u00a0\u00bb0px||0px|\u00a0\u00bb use_border_color=\u00a0\u00bboff\u00a0\u00bb border_color=\u00a0\u00bb#ffffff\u00a0\u00bb border_style=\u00a0\u00bbsolid\u00a0\u00bb global_colors_info=\u00a0\u00bb{}\u00a0\u00bb]<\/p>\n<p style=\"text-align: center;\">Toutes nos destinations<\/p>\n<p>[\/et_pb_text][\/et_pb_column][\/et_pb_row][et_pb_row _builder_version=\u00a0\u00bb4.16&Prime; global_colors_info=\u00a0\u00bb{}\u00a0\u00bb][et_pb_column type=\u00a0\u00bb4_4&Prime; _builder_version=\u00a0\u00bb4.16&Prime; custom_padding=\u00a0\u00bb|0px||0px\u00a0\u00bb global_colors_info=\u00a0\u00bb{}\u00a0\u00bb custom_padding__hover=\u00a0\u00bb|||\u00a0\u00bb][et_pb_blog fullwidth=\u00a0\u00bboff\u00a0\u00bb posts_number=\u00a0\u00bb100&Prime; include_categories=\u00a0\u00bb27,37,28,29,30,31&Prime; use_manual_excerpt=\u00a0\u00bboff\u00a0\u00bb show_author=\u00a0\u00bboff\u00a0\u00bb show_date=\u00a0\u00bboff\u00a0\u00bb show_categories=\u00a0\u00bboff\u00a0\u00bb show_excerpt=\u00a0\u00bboff\u00a0\u00bb show_pagination=\u00a0\u00bboff\u00a0\u00bb use_overlay=\u00a0\u00bbon\u00a0\u00bb overlay_icon_color=\u00a0\u00bbRGBA(255,255,255,0)\u00a0\u00bb hover_overlay_color=\u00a0\u00bbrgba(255,255,255,0.52)\u00a0\u00bb hover_icon=\u00a0\u00bb&#x54;||divi||400&Prime; _builder_version=\u00a0\u00bb4.23.4&Prime; header_text_align=\u00a0\u00bbcenter\u00a0\u00bb header_text_color=\u00a0\u00bb#666666&Prime; module_alignment=\u00a0\u00bbcenter\u00a0\u00bb custom_margin=\u00a0\u00bb0px|0px|0px|0px\u00a0\u00bb custom_padding=\u00a0\u00bb0px|0px|0px|0px\u00a0\u00bb pagination_font_size_tablet=\u00a0\u00bb51&Prime; pagination_line_height_tablet=\u00a0\u00bb2&Prime; border_radii=\u00a0\u00bbon|15px|15px|15px|15px\u00a0\u00bb border_width_all=\u00a0\u00bb0px\u00a0\u00bb box_shadow_style=\u00a0\u00bbpreset3&Prime; global_colors_info=\u00a0\u00bb{}\u00a0\u00bb][\/et_pb_blog][\/et_pb_column][\/et_pb_row][\/et_pb_section]<\/p>\n","protected":false},"excerpt":{"rendered":"<p>Sp\u00e9cialis\u00e9 dans les voyages de groupe et les voyages d\u2019affaires \u00e0 l\u2019\u00e9trangerToutes nos destinations<\/p>\n","protected":false},"author":2,"featured_media":0,"parent":0,"menu_order":0,"comment_status":"closed","ping_status":"closed","template":"","meta":{"_et_pb_use_builder":"on","_et_pb_old_content":"","_et_gb_content_width":"","footnotes":""},"class_list":["post-2219","page","type-page","status-publish","hentry"],"yoast_head":"<!-- This site is optimized with the Yoast SEO plugin v27.4 - https:\/\/yoast.com\/product\/yoast-seo-wordpress\/ -->\n<title>Organisation d&#039;\u00e9v\u00e9nement et voyage incentive - Agence incentive Parsis<\/title>\n<meta name=\"description\" content=\"Organisation d&#039;\u00e9v\u00e9nement et voyage incentive en Europe, Afrique, Am\u00e9rique, Asie, Moyen Orient. Notre agence incentive s&#039;occupe de toute l&#039;organisation de votre voyage professionnel, s\u00e9minaire, team building, voyage challenge, congr\u00e8s.\" \/>\n<meta name=\"robots\" content=\"index, follow, max-snippet:-1, max-image-preview:large, max-video-preview:-1\" \/>\n<link rel=\"canonical\" href=\"https:\/\/invictus-travel.com\/site\/nos-destination-agence-incentive-paris\/\" \/>\n<meta property=\"og:locale\" content=\"fr_FR\" \/>\n<meta property=\"og:type\" content=\"article\" \/>\n<meta property=\"og:title\" content=\"Organisation d&#039;\u00e9v\u00e9nement et voyage incentive - Agence incentive Parsis\" \/>\n<meta property=\"og:description\" content=\"Organisation d&#039;\u00e9v\u00e9nement et voyage incentive en Europe, Afrique, Am\u00e9rique, Asie, Moyen Orient. Notre agence incentive s&#039;occupe de toute l&#039;organisation de votre voyage professionnel, s\u00e9minaire, team building, voyage challenge, congr\u00e8s.\" \/>\n<meta property=\"og:url\" content=\"https:\/\/invictus-travel.com\/site\/nos-destination-agence-incentive-paris\/\" \/>\n<meta property=\"og:site_name\" content=\"Invictus Corporate Travel - Voyages incentive\" \/>\n<meta property=\"article:modified_time\" content=\"2024-02-05T18:04:34+00:00\" \/>\n<meta name=\"twitter:card\" content=\"summary_large_image\" \/>\n<meta name=\"twitter:label1\" content=\"Dur\u00e9e de lecture estim\u00e9e\" \/>\n\t<meta name=\"twitter:data1\" content=\"23 minutes\" \/>\n<script type=\"application\/ld+json\" class=\"yoast-schema-graph\">{\"@context\":\"https:\\\/\\\/schema.org\",\"@graph\":[{\"@type\":\"WebPage\",\"@id\":\"https:\\\/\\\/invictus-travel.com\\\/site\\\/nos-destination-agence-incentive-paris\\\/\",\"url\":\"https:\\\/\\\/invictus-travel.com\\\/site\\\/nos-destination-agence-incentive-paris\\\/\",\"name\":\"Organisation d'\u00e9v\u00e9nement et voyage incentive - Agence incentive Parsis\",\"isPartOf\":{\"@id\":\"https:\\\/\\\/invictus-travel.com\\\/site\\\/#website\"},\"datePublished\":\"2018-03-12T16:54:40+00:00\",\"dateModified\":\"2024-02-05T18:04:34+00:00\",\"description\":\"Organisation d'\u00e9v\u00e9nement et voyage incentive en Europe, Afrique, Am\u00e9rique, Asie, Moyen Orient. Notre agence incentive s'occupe de toute l'organisation de votre voyage professionnel, s\u00e9minaire, team building, voyage challenge, congr\u00e8s.\",\"breadcrumb\":{\"@id\":\"https:\\\/\\\/invictus-travel.com\\\/site\\\/nos-destination-agence-incentive-paris\\\/#breadcrumb\"},\"inLanguage\":\"fr-FR\",\"potentialAction\":[{\"@type\":\"ReadAction\",\"target\":[\"https:\\\/\\\/invictus-travel.com\\\/site\\\/nos-destination-agence-incentive-paris\\\/\"]}]},{\"@type\":\"BreadcrumbList\",\"@id\":\"https:\\\/\\\/invictus-travel.com\\\/site\\\/nos-destination-agence-incentive-paris\\\/#breadcrumb\",\"itemListElement\":[{\"@type\":\"ListItem\",\"position\":1,\"name\":\"Accueil\",\"item\":\"https:\\\/\\\/invictus-travel.com\\\/site\\\/\"},{\"@type\":\"ListItem\",\"position\":2,\"name\":\"Nos destinations\"}]},{\"@type\":\"WebSite\",\"@id\":\"https:\\\/\\\/invictus-travel.com\\\/site\\\/#website\",\"url\":\"https:\\\/\\\/invictus-travel.com\\\/site\\\/\",\"name\":\"Invictus Corporate Travel - Voyages incentive\",\"description\":\"Des prestations \u00e0 la carte\",\"potentialAction\":[{\"@type\":\"SearchAction\",\"target\":{\"@type\":\"EntryPoint\",\"urlTemplate\":\"https:\\\/\\\/invictus-travel.com\\\/site\\\/?s={search_term_string}\"},\"query-input\":{\"@type\":\"PropertyValueSpecification\",\"valueRequired\":true,\"valueName\":\"search_term_string\"}}],\"inLanguage\":\"fr-FR\"}]}<\/script>\n<!-- \/ Yoast SEO plugin. -->","yoast_head_json":{"title":"Organisation d'\u00e9v\u00e9nement et voyage incentive - Agence incentive Parsis","description":"Organisation d'\u00e9v\u00e9nement et voyage incentive en Europe, Afrique, Am\u00e9rique, Asie, Moyen Orient. Notre agence incentive s'occupe de toute l'organisation de votre voyage professionnel, s\u00e9minaire, team building, voyage challenge, congr\u00e8s.","robots":{"index":"index","follow":"follow","max-snippet":"max-snippet:-1","max-image-preview":"max-image-preview:large","max-video-preview":"max-video-preview:-1"},"canonical":"https:\/\/invictus-travel.com\/site\/nos-destination-agence-incentive-paris\/","og_locale":"fr_FR","og_type":"article","og_title":"Organisation d'\u00e9v\u00e9nement et voyage incentive - Agence incentive Parsis","og_description":"Organisation d'\u00e9v\u00e9nement et voyage incentive en Europe, Afrique, Am\u00e9rique, Asie, Moyen Orient. Notre agence incentive s'occupe de toute l'organisation de votre voyage professionnel, s\u00e9minaire, team building, voyage challenge, congr\u00e8s.","og_url":"https:\/\/invictus-travel.com\/site\/nos-destination-agence-incentive-paris\/","og_site_name":"Invictus Corporate Travel - Voyages incentive","article_modified_time":"2024-02-05T18:04:34+00:00","twitter_card":"summary_large_image","twitter_misc":{"Dur\u00e9e de lecture estim\u00e9e":"23 minutes"},"schema":{"@context":"https:\/\/schema.org","@graph":[{"@type":"WebPage","@id":"https:\/\/invictus-travel.com\/site\/nos-destination-agence-incentive-paris\/","url":"https:\/\/invictus-travel.com\/site\/nos-destination-agence-incentive-paris\/","name":"Organisation d'\u00e9v\u00e9nement et voyage incentive - Agence incentive Parsis","isPartOf":{"@id":"https:\/\/invictus-travel.com\/site\/#website"},"datePublished":"2018-03-12T16:54:40+00:00","dateModified":"2024-02-05T18:04:34+00:00","description":"Organisation d'\u00e9v\u00e9nement et voyage incentive en Europe, Afrique, Am\u00e9rique, Asie, Moyen Orient. Notre agence incentive s'occupe de toute l'organisation de votre voyage professionnel, s\u00e9minaire, team building, voyage challenge, congr\u00e8s.","breadcrumb":{"@id":"https:\/\/invictus-travel.com\/site\/nos-destination-agence-incentive-paris\/#breadcrumb"},"inLanguage":"fr-FR","potentialAction":[{"@type":"ReadAction","target":["https:\/\/invictus-travel.com\/site\/nos-destination-agence-incentive-paris\/"]}]},{"@type":"BreadcrumbList","@id":"https:\/\/invictus-travel.com\/site\/nos-destination-agence-incentive-paris\/#breadcrumb","itemListElement":[{"@type":"ListItem","position":1,"name":"Accueil","item":"https:\/\/invictus-travel.com\/site\/"},{"@type":"ListItem","position":2,"name":"Nos destinations"}]},{"@type":"WebSite","@id":"https:\/\/invictus-travel.com\/site\/#website","url":"https:\/\/invictus-travel.com\/site\/","name":"Invictus Corporate Travel - Voyages incentive","description":"Des prestations \u00e0 la carte","potentialAction":[{"@type":"SearchAction","target":{"@type":"EntryPoint","urlTemplate":"https:\/\/invictus-travel.com\/site\/?s={search_term_string}"},"query-input":{"@type":"PropertyValueSpecification","valueRequired":true,"valueName":"search_term_string"}}],"inLanguage":"fr-FR"}]}},"_links":{"self":[{"href":"https:\/\/invictus-travel.com\/site\/wp-json\/wp\/v2\/pages\/2219","targetHints":{"allow":["GET"]}}],"collection":[{"href":"https:\/\/invictus-travel.com\/site\/wp-json\/wp\/v2\/pages"}],"about":[{"href":"https:\/\/invictus-travel.com\/site\/wp-json\/wp\/v2\/types\/page"}],"author":[{"embeddable":true,"href":"https:\/\/invictus-travel.com\/site\/wp-json\/wp\/v2\/users\/2"}],"replies":[{"embeddable":true,"href":"https:\/\/invictus-travel.com\/site\/wp-json\/wp\/v2\/comments?post=2219"}],"version-history":[{"count":4,"href":"https:\/\/invictus-travel.com\/site\/wp-json\/wp\/v2\/pages\/2219\/revisions"}],"predecessor-version":[{"id":3266,"href":"https:\/\/invictus-travel.com\/site\/wp-json\/wp\/v2\/pages\/2219\/revisions\/3266"}],"wp:attachment":[{"href":"https:\/\/invictus-travel.com\/site\/wp-json\/wp\/v2\/media?parent=2219"}],"curies":[{"name":"wp","href":"https:\/\/api.w.org\/{rel}","templated":true}]}}